{"id":1173,"date":"2022-01-24T16:10:45","date_gmt":"2022-01-24T15:10:45","guid":{"rendered":"https:\/\/rers-nancy.fr\/new2\/?page_id=1173"},"modified":"2022-01-24T17:09:14","modified_gmt":"2022-01-24T16:09:14","slug":"prendre-contact","status":"publish","type":"page","link":"https:\/\/rers-nancy.fr\/new2\/prendre-contact\/","title":{"rendered":"Prendre contact"},"content":{"rendered":"<style>.kb-form input.kadence-blocks-field.verify{opacity:0.0;position:absolute;top:0.0;left:0.0;width:0.0;height:0.0;z-index:-1;}<\/style>\n<div class=\"wp-block-kadence-form alignwide kadence-form-_53e614-17 kb-form-wrap\"><form class=\"kb-form\" action=\"\" method=\"post\"><div class=\"kadence-blocks-form-field kb-field-desk-width-80 kb-input-size-standard\"><label for=\"kb_field__53e614-17_0\">NOM et pr\u00e9nom (obligatoire)<span class=\"required\">*<\/span><\/label><span id=\"kb_field_desc__53e614-17_0\" class=\"screen-reader-text\">Nom et pr\u00e9nom<\/span><input name=\"kb_field_0\" id=\"kb_field__53e614-17_0\" data-label=\"NOM et pr\u00e9nom (obligatoire)\" type=\"text\" placeholder=\"\" value=\"\" data-type=\"text\" class=\"kb-field kb-text-style-field kb-text-field kb-field-0\" autocomplete=\"name\" data-required=\"yes\" aria-describedby=\"kb_field_desc__53e614-17_0\"\/><\/div><div class=\"kadence-blocks-form-field kb-form-field-1 kb-field-desk-width-25 kb-input-size-standard\"><label for=\"kb_field__53e614-17_1\">Votre t\u00e9l\u00e9phone (portable de pr\u00e9f\u00e9rence)<\/label><input name=\"kb_field_1\" id=\"kb_field__53e614-17_1\" data-label=\"Votre t\u00e9l\u00e9phone (portable de pr\u00e9f\u00e9rence)\" type=\"tel\" placeholder=\"\" value=\"00 00 00 00 00\" data-type=\"tel\" class=\"kb-field kb-text-style-field kb-tel-field kb-field-1\" autocomplete=\"tel\"\/><\/div><div class=\"kadence-blocks-form-field kb-form-field-2 kb-field-desk-width-50 kb-input-size-standard\"><label for=\"kb_field__53e614-17_2\">Adresse de messagerie (obligatoire)<span class=\"required\">*<\/span><\/label><input name=\"kb_field_2\" id=\"kb_field__53e614-17_2\" data-label=\"Adresse de messagerie (obligatoire)\" type=\"email\" placeholder=\"\" value=\"\" data-type=\"email\" class=\"kb-field kb-text-style-field kb-email-field kb-field-2\" data-required=\"yes\" data-required-message=\"N'oubliez pas votre adresse mail !\" data-validation-message=\"Vous avez fait une erreur dans votre adresse de messagerie, v\u00e9rifiez-la (xxx.yyy@nomdedomaine.zzz). Merci\"\/><\/div><div class=\"kadence-blocks-form-field kb-form-field-3 kb-field-desk-width-80 kb-input-size-standard\"><label for=\"kb_field__53e614-17_3\">Votre message<span class=\"required\">*<\/span><\/label><textarea name=\"kb_field_3\" id=\"kb_field__53e614-17_3\" data-label=\"Votre message\" type=\"textarea\" placeholder=\"\" data-type=\"textarea\" class=\"kb-field kb-text-style-field kb-textarea-field kb-field-3\" rows=\"4\" data-required=\"yes\" data-required-message=\"Vous devez \u00e9crire un message, merci !\"><\/textarea><\/div><input type=\"hidden\" name=\"_kb_form_id\" value=\"_53e614-17\"\/><input type=\"hidden\" name=\"_kb_form_post_id\" value=\"1173\"\/><input type=\"hidden\" name=\"action\" value=\"kb_process_ajax_submit\"\/><input type=\"hidden\" name=\"recaptcha_response\" class=\"kb_recaptcha_response kb_recaptcha__53e614-17\"\/><label class=\"kadence-verify-label\">Email<input class=\"kadence-blocks-field verify\" type=\"text\" name=\"_kb_verify_email\" autocomplete=\"new-password\" aria-hidden=\"true\" placeholder=\"Email\" tabindex=\"-1\" data-1p-ignore=\"true\" data-lpignore=\"true\" \/><\/label><div class=\"kadence-blocks-form-field kb-submit-field kb-field-desk-width-100\"><button class=\"kb-forms-submit button kb-button-size-standard kb-button-width-auto\">Submit<\/button><\/div><\/form><\/div>\n<noscript><div class=\"kadence-blocks-form-message kadence-blocks-form-warning\">Veuillez activer JavaScript dans votre navigateur pour envoyer le formulaire.<\/div><style>.kadence-form-_53e614-17 .kadence-blocks-form-field.kb-submit-field { display: none; }<\/style><\/noscript>","protected":false},"excerpt":{"rendered":"","protected":false},"author":1,"featured_media":0,"parent":0,"menu_order":0,"comment_status":"closed","ping_status":"closed","template":"","meta":{"footnotes":""},"class_list":["post-1173","page","type-page","status-publish","hentry"],"_links":{"self":[{"href":"https:\/\/rers-nancy.fr\/new2\/wp-json\/wp\/v2\/pages\/1173","targetHints":{"allow":["GET"]}}],"collection":[{"href":"https:\/\/rers-nancy.fr\/new2\/wp-json\/wp\/v2\/pages"}],"about":[{"href":"https:\/\/rers-nancy.fr\/new2\/wp-json\/wp\/v2\/types\/page"}],"author":[{"embeddable":true,"href":"https:\/\/rers-nancy.fr\/new2\/wp-json\/wp\/v2\/users\/1"}],"replies":[{"embeddable":true,"href":"https:\/\/rers-nancy.fr\/new2\/wp-json\/wp\/v2\/comments?post=1173"}],"version-history":[{"count":3,"href":"https:\/\/rers-nancy.fr\/new2\/wp-json\/wp\/v2\/pages\/1173\/revisions"}],"predecessor-version":[{"id":1180,"href":"https:\/\/rers-nancy.fr\/new2\/wp-json\/wp\/v2\/pages\/1173\/revisions\/1180"}],"wp:attachment":[{"href":"https:\/\/rers-nancy.fr\/new2\/wp-json\/wp\/v2\/media?parent=1173"}],"curies":[{"name":"wp","href":"https:\/\/api.w.org\/{rel}","templated":true}]}}