{"id":1304,"date":"2022-01-31T15:32:45","date_gmt":"2022-01-31T14:32:45","guid":{"rendered":"https:\/\/rers-nancy.fr\/new2\/?page_id=1304"},"modified":"2022-01-31T15:32:45","modified_gmt":"2022-01-31T14:32:45","slug":"comment-ca-marche","status":"publish","type":"page","link":"https:\/\/rers-nancy.fr\/new2\/les-echanges-de-savoirs\/comment-ca-marche\/","title":{"rendered":"Comment \u00e7a marche ?"},"content":{"rendered":"\n<p>Les r\u00e9seaux d&rsquo;\u00c9changes R\u00e9ciproques de Savoirs sont des lieux o\u00f9 l&rsquo;on transmet ses savoirs et o\u00f9 l&rsquo;on en apprend de nouveaux en \u00e9change individuel ou en \u00e9change collectif.<\/p>\n\n\n\n<h3 class=\"wp-block-heading\" id=\"deux-principes-de-base\">Deux principes de base :<\/h3>\n\n\n\n<ul class=\"wp-block-list\"><li>Tout le monde poss\u00e8de des savoirs et aucun savoir n&rsquo;est sup\u00e9rieur \u00e0 un autre,<\/li><li>Chacun est offreur d&rsquo;un savoir et demandeur d&rsquo;un autre savoir.<\/li><\/ul>\n\n\n\n<h2 class=\"wp-block-heading\" id=\"les-echanges-d-individu-a-individu\">Les \u00e9changes d&rsquo;individu \u00e0 individu<\/h2>\n\n\n\n<p>Lorsque l&rsquo;offre de l&rsquo;un correspond \u00e0 la demande de l&rsquo;autre, les deux personnes se mettent en relation.<\/p>\n\n\n\n<ul class=\"wp-block-list\"><li>La construction de l&rsquo;\u00e9change part toujours de la demande exprim\u00e9e, mais l&rsquo;offreur, ayant des connaissances pour le savoir en question, proposera un parcours d&rsquo;apprentissage ad\u00e9quat. <em>Par exemple, en mati\u00e8re d&rsquo;utilisation d&rsquo;un traitement de texte, ou d&rsquo;une messagerie, le demandeur peut n&rsquo;avoir pas une id\u00e9e pr\u00e9cise de ce qui existe. L&rsquo;offreur pourra lui expliquer ce qu&rsquo;il peut apprendre.<\/em><\/li><\/ul>\n\n\n\n<ul class=\"wp-block-list\"><li>Le demandeur exprimera ou tentera d&rsquo;expliquer comment il apprend : <em>par l&rsquo;exemple ? en pratiquant ? en \u00e9tudiant d&rsquo;abord la th\u00e9orie ? etc.<\/em><\/li><\/ul>\n\n\n\n<ul class=\"wp-block-list\"><li>Offreur et demandeur choisiront le lieu, les dates, les horaires qui leur conviennent le mieux.<\/li><\/ul>\n\n\n\n<p class=\"has-text-align-right\"><em><a href=\"https:\/\/rers-nancy.fr\/new2\/les-echanges-de-savoirs\/reussir-son-echange-de-savoirs\/\" data-type=\"page\" data-id=\"1297\">Lire \u00ab\u00a0le guide pour un \u00e9change de savoir r\u00e9ussi\u00a0\u00bb<\/a><\/em><\/p>\n\n\n\n<h3 class=\"wp-block-heading\" id=\"les-echanges-d-un-offreur-a-plusieurs-demandeurs\">Les \u00e9changes d&rsquo;un offreur \u00e0 plusieurs demandeurs<\/h3>\n\n\n\n<p>Pour certains savoirs, il est pr\u00e9f\u00e9rable de faire des \u00e9changes d&rsquo;un offreur \u00e0 plusieurs demandeurs (<em>cuisine, pr\u00e9sentation d&rsquo;un pays, jeux de soci\u00e9t\u00e9, etc.<\/em>)<\/p>\n\n\n\n<ul class=\"wp-block-list\"><li>C&rsquo;est l&rsquo;offreur qui fait une proposition de contenu, de date et horaire et de lieu.<\/li><li>L&rsquo;offreur peut proposer une liste de mat\u00e9riel \u00e0 apporter.<\/li><li>Les demandeurs s&rsquo;inscrivent.<\/li><li>L&rsquo;\u00e9change a lieu.<\/li><li>Si l&rsquo;\u00e9change demande plusieurs rencontres, il est indispensable d&rsquo;ajuster l&rsquo;offre en fonction des participants.<\/li><\/ul>\n\n\n\n<h3 class=\"wp-block-heading\" id=\"les-co-constructions-de-savoirs\">Les co-constructions de savoirs<\/h3>\n\n\n\n<p>Dans certains domaines, les savoirs sont multiples. Chacun apporte sa contribution \u00e0 l&rsquo;\u00e9change de savoirs, offrant ainsi des connaissances nouvelles aux autres Dans le cas d&rsquo;une co-construction de savoirs, chacun est tour \u00e0 tour offreur et demandeur<\/p>\n\n\n\n<h3 class=\"wp-block-heading\" id=\"les-creations-collectives\">Les cr\u00e9ations collectives<\/h3>\n\n\n\n<p>Ce peut \u00eatre des expositions lors des \u00ab\u00a0Savoirs en f\u00eate\u00a0\u00bb, des \u0153uvres d&rsquo;art (<em>par exemple tricot urbain<\/em>), des \u0153uvres \u00e9ph\u00e9m\u00e8res (<em>mandala<\/em>), une co-construction de savoirs visible (<em>jardin partag\u00e9<\/em>) <br>Ces cr\u00e9ations collectives sont importantes pour<\/p>\n\n\n\n<ul class=\"wp-block-list\"><li>la coh\u00e9sion du r\u00e9seau (<em>les membres s&rsquo;impliquant dans la cr\u00e9ation collective apprennent \u00e0 se conna\u00eetre et \u00e0 s&rsquo;appr\u00e9cier<\/em>)<\/li><li>la visibilit\u00e9 du r\u00e9seau (<em>le public est invit\u00e9 lors de manifestations festives<\/em>)<\/li><\/ul>\n","protected":false},"excerpt":{"rendered":"<p>Les r\u00e9seaux d&rsquo;\u00c9changes R\u00e9ciproques de Savoirs sont des lieux o\u00f9 l&rsquo;on transmet ses savoirs et o\u00f9 l&rsquo;on en apprend de nouveaux en \u00e9change individuel ou en \u00e9change collectif. Deux principes de base : Tout le monde poss\u00e8de des savoirs et aucun savoir n&rsquo;est sup\u00e9rieur \u00e0&nbsp;<a class=\"read-more\" href=\"https:\/\/rers-nancy.fr\/new2\/les-echanges-de-savoirs\/comment-ca-marche\/\">&hellip;<\/a><\/p>\n","protected":false},"author":1,"featured_media":0,"parent":1293,"menu_order":1,"comment_status":"closed","ping_status":"closed","template":"","meta":{"footnotes":""},"class_list":["post-1304","page","type-page","status-publish","hentry"],"_links":{"self":[{"href":"https:\/\/rers-nancy.fr\/new2\/wp-json\/wp\/v2\/pages\/1304","targetHints":{"allow":["GET"]}}],"collection":[{"href":"https:\/\/rers-nancy.fr\/new2\/wp-json\/wp\/v2\/pages"}],"about":[{"href":"https:\/\/rers-nancy.fr\/new2\/wp-json\/wp\/v2\/types\/page"}],"author":[{"embeddable":true,"href":"https:\/\/rers-nancy.fr\/new2\/wp-json\/wp\/v2\/users\/1"}],"replies":[{"embeddable":true,"href":"https:\/\/rers-nancy.fr\/new2\/wp-json\/wp\/v2\/comments?post=1304"}],"version-history":[{"count":1,"href":"https:\/\/rers-nancy.fr\/new2\/wp-json\/wp\/v2\/pages\/1304\/revisions"}],"predecessor-version":[{"id":1305,"href":"https:\/\/rers-nancy.fr\/new2\/wp-json\/wp\/v2\/pages\/1304\/revisions\/1305"}],"up":[{"embeddable":true,"href":"https:\/\/rers-nancy.fr\/new2\/wp-json\/wp\/v2\/pages\/1293"}],"wp:attachment":[{"href":"https:\/\/rers-nancy.fr\/new2\/wp-json\/wp\/v2\/media?parent=1304"}],"curies":[{"name":"wp","href":"https:\/\/api.w.org\/{rel}","templated":true}]}}