{"id":1453,"date":"2022-02-02T11:56:42","date_gmt":"2022-02-02T10:56:42","guid":{"rendered":"https:\/\/rers-nancy.fr\/new2\/?page_id=1453"},"modified":"2022-02-06T10:49:22","modified_gmt":"2022-02-06T09:49:22","slug":"fusing-au-jardin","status":"publish","type":"page","link":"https:\/\/rers-nancy.fr\/new2\/les-co-constructions-de-savoirs\/le-jardin-partage\/fusing-au-jardin\/","title":{"rendered":"Les \u0153uvres de Ginette"},"content":{"rendered":"\n<h2 class=\"wp-block-heading\" id=\"les-fantaisies-du-verre\">Les fantaisies du verre<\/h2>\n\n\n\n<h3 class=\"wp-block-heading\" id=\"au-parc-de-la-cure-d-air-les-26-et-27-septembre-2021\">au parc de la cure d&rsquo;air les 26 et 27 septembre 2021.<\/h3>\n\n\n\n<figure class=\"wp-block-image\"><img loading=\"lazy\" decoding=\"async\" width=\"679\" height=\"360\" src=\"https:\/\/rers-nancy.fr\/new2\/wp-content\/uploads\/2020\/09\/29_fantaisies_du_verre.png\" alt=\"29 fantaisies du verre\" class=\"wp-image-626\" srcset=\"https:\/\/rers-nancy.fr\/new2\/wp-content\/uploads\/2020\/09\/29_fantaisies_du_verre.png 679w, https:\/\/rers-nancy.fr\/new2\/wp-content\/uploads\/2020\/09\/29_fantaisies_du_verre-300x159.png 300w\" sizes=\"auto, (max-width: 679px) 100vw, 679px\" \/><\/figure>\n\n\n\n<h2 class=\"wp-block-heading\" id=\"fusing-au-jardin\">Fusing au jardin<\/h2>\n\n\n\n<h5 class=\"wp-block-heading\" id=\"le-samedi-10-juin-2017-pour-la-visite-du-jardin-partage\"><img loading=\"lazy\" decoding=\"async\" width=\"200\" height=\"150\" class=\"alignright wp-image-282 size-full\" style=\"margin: 10px; float: right;\" src=\"https:\/\/rers-nancy.fr\/new2\/wp-content\/uploads\/2017\/06\/fusing_au_jardinpt.png\" alt=\"fusing au jardinpt\">le samedi 10 juin 2017 pour la visite du jardin partag\u00e9<\/h5>\n\n\n\n<p>D\u00e9corations \u00e9ph\u00e9m\u00e8res, install\u00e9es pour l&rsquo;occasion de la visite propos\u00e9e du parc de la cure d&rsquo;air et du jardin partag\u00e9&#8230;<br>Les visites du jardin partag\u00e9 sont propos\u00e9es tout au long de l&rsquo;ann\u00e9e.<\/p>\n","protected":false},"excerpt":{"rendered":"<p>Les fantaisies du verre au parc de la cure d&rsquo;air les 26 et 27 septembre 2021. Fusing au jardin le samedi 10 juin 2017 pour la visite du jardin partag\u00e9 D\u00e9corations \u00e9ph\u00e9m\u00e8res, install\u00e9es pour l&rsquo;occasion de la visite propos\u00e9e du parc de la cure d&rsquo;air&nbsp;<a class=\"read-more\" href=\"https:\/\/rers-nancy.fr\/new2\/les-co-constructions-de-savoirs\/le-jardin-partage\/fusing-au-jardin\/\">&hellip;<\/a><\/p>\n","protected":false},"author":1,"featured_media":0,"parent":1311,"menu_order":10,"comment_status":"closed","ping_status":"closed","template":"","meta":{"footnotes":""},"class_list":["post-1453","page","type-page","status-publish","hentry"],"_links":{"self":[{"href":"https:\/\/rers-nancy.fr\/new2\/wp-json\/wp\/v2\/pages\/1453","targetHints":{"allow":["GET"]}}],"collection":[{"href":"https:\/\/rers-nancy.fr\/new2\/wp-json\/wp\/v2\/pages"}],"about":[{"href":"https:\/\/rers-nancy.fr\/new2\/wp-json\/wp\/v2\/types\/page"}],"author":[{"embeddable":true,"href":"https:\/\/rers-nancy.fr\/new2\/wp-json\/wp\/v2\/users\/1"}],"replies":[{"embeddable":true,"href":"https:\/\/rers-nancy.fr\/new2\/wp-json\/wp\/v2\/comments?post=1453"}],"version-history":[{"count":2,"href":"https:\/\/rers-nancy.fr\/new2\/wp-json\/wp\/v2\/pages\/1453\/revisions"}],"predecessor-version":[{"id":1571,"href":"https:\/\/rers-nancy.fr\/new2\/wp-json\/wp\/v2\/pages\/1453\/revisions\/1571"}],"up":[{"embeddable":true,"href":"https:\/\/rers-nancy.fr\/new2\/wp-json\/wp\/v2\/pages\/1311"}],"wp:attachment":[{"href":"https:\/\/rers-nancy.fr\/new2\/wp-json\/wp\/v2\/media?parent=1453"}],"curies":[{"name":"wp","href":"https:\/\/api.w.org\/{rel}","templated":true}]}}

Les œuvres de Ginette

<h2 class="wp-block-heading" id="les-fantaisies-du-verre">Les fantaisies du verre</h2>



<h3 class="wp-block-heading" id="au-parc-de-la-cure-d-air-les-26-et-27-septembre-2021">au parc de la cure d&rsquo;air les 26 et 27 septembre 2021.</h3>



<figure class="wp-block-image"><img loading="lazy" decoding="async" width="679" height="360" src="https://rers-nancy.fr/new2/wp-content/uploads/2020/09/29_fantaisies_du_verre.png" alt="29 fantaisies du verre" class="wp-image-626" srcset="https://rers-nancy.fr/new2/wp-content/uploads/2020/09/29_fantaisies_du_verre.png 679w, https://rers-nancy.fr/new2/wp-content/uploads/2020/09/29_fantaisies_du_verre-300x159.png 300w" sizes="auto, (max-width: 679px) 100vw, 679px" /></figure>



<h2 class="wp-block-heading" id="fusing-au-jardin">Fusing au jardin</h2>



<h5 class="wp-block-heading" id="le-samedi-10-juin-2017-pour-la-visite-du-jardin-partage"><img loading="lazy" decoding="async" width="200" height="150" class="alignright wp-image-282 size-full" style="margin: 10px; float: right;" src="https://rers-nancy.fr/new2/wp-content/uploads/2017/06/fusing_au_jardinpt.png" alt="fusing au jardinpt">le samedi 10 juin 2017 pour la visite du jardin partagé</h5>



<p>Décorations éphémères, installées pour l&rsquo;occasion de la visite proposée du parc de la cure d&rsquo;air et du jardin partagé&#8230;<br>Les visites du jardin partagé sont proposées tout au long de l&rsquo;année.</p>

<p>Les fantaisies du verre au parc de la cure d&rsquo;air les 26 et 27 septembre 2021. Fusing au jardin le samedi 10 juin 2017 pour la visite du jardin partagé Décorations éphémères, installées pour l&rsquo;occasion de la visite proposée du parc de la cure d&rsquo;air&nbsp;<a class="read-more" href="https://rers-nancy.fr/new2/les-co-constructions-de-savoirs/le-jardin-partage/fusing-au-jardin/">&hellip;</a></p>
