{"id":1507,"date":"2022-02-05T09:12:15","date_gmt":"2022-02-05T08:12:15","guid":{"rendered":"https:\/\/rers-nancy.fr\/new2\/?page_id=1507"},"modified":"2022-02-05T09:12:16","modified_gmt":"2022-02-05T08:12:16","slug":"une-bourse-aux-savoirs-speciale","status":"publish","type":"page","link":"https:\/\/rers-nancy.fr\/new2\/les-echanges-de-savoirs\/bourse-aux-savoirs\/une-bourse-aux-savoirs-speciale\/","title":{"rendered":"Une bourse aux savoirs sp\u00e9ciale !"},"content":{"rendered":"<p><img loading=\"lazy\" decoding=\"async\" class=\" alignright size-full wp-image-11\" style=\"margin: 10px; float: right;\" src=\"https:\/\/rers-nancy.fr\/new2\/wp-content\/uploads\/2015\/12\/bourse_savoirs.png\" alt=\"bourse savoirs\" width=\"200\" height=\"238\" \/><\/p>\n<h1><b>Nouvelle formule pour la Bourse d&rsquo;Echanges de Savoirs\u00a0!<\/b><\/h1>\n<h2>Mercredi 5 juin 2019 \u00e0 partir de 18h30<\/h2>\n<p><em><b>Venez rencontrer les autres membres du RERS, glaner de nouveaux savoirs, proposer les v\u00f4tres et vous inspirer pour proposer de nouveaux \u00e9changes autour d&rsquo;un verre,<\/b><\/em><\/p>\n<h3><a href=\"https:\/\/lacantoche.fr\/\" target=\"_blank\" rel=\"noopener noreferrer\" data-saferedirecturl=\"https:\/\/www.google.com\/url?q=https:\/\/lacantoche.fr\/&amp;source=gmail&amp;ust=1558974400711000&amp;usg=AFQjCNEPhrcxdmzY4FfUBtzcoj682rTe_Q\">dans un lieu convivial : La Cantoche<\/a><\/h3>\n<p>180 rue Jeanne d&rsquo;Arc \u00e0 Nancy<br \/>\nBus 4 (arr\u00eat Leclerc) ou Tram 1 (arr\u00eat Garenne)\u2026 <em>attention places de parking limit\u00e9es aux alentours&#8230;<\/em><\/p>\n<p>Parlez-en autour de vous, c&rsquo;est l&rsquo;occasion pour les curieux de faire connaissance avec le RERS !<br \/>\nPlus nous serons nombreux, plus les \u00e9changes seront riches.<\/p>\n<h3>La Cantoche<\/h3>\n<p>est le premier restaurant participatif de Nancy. En tant que lieu collectif de restauration et d\u2019\u00e9changes, la Cantoche nous accueille dans ses locaux.<br \/>\nEn retour, chaque participant est invit\u00e9 \u00e0 consommer une boisson dans la mesure de ses moyens.<\/p>\n<p>Le RERS-Nancy, organisateur de la r\u00e9union et invitant, paiera une cotisation \u00e0 ce lieu participatif<\/p>\n<p>Celles et ceux qui souhaiteront adh\u00e9rer (participation libre) \u00e0 la Cantoche pourront le faire sur place.<\/p>\n<h3>Pour que la soir\u00e9e soit conviviale \u00e0 souhait<\/h3>\n<p>nous partagerons, \u00e0 la bonne franquette, plats sal\u00e9s ou\/et sucr\u00e9s apport\u00e9s par les uns et les autres.<br \/>\n<em>Privil\u00e9gier tartes ou cakes ou autres aliments qui se mangent \u00e0 la main et sans besoin de couvert !<\/em><br \/>\nMerci d\u2019avance \u00e0 toutes les bonnes volont\u00e9s.<\/p>\n<p>Au plaisir de vous retrouver.<\/p>\n<p>Fran\u00e7oise, Audrey, et toute l\u2019\u00e9quipe d\u2019animation du RERS-Nancy<\/p>\n","protected":false},"excerpt":{"rendered":"<p>Nouvelle formule pour la Bourse d&rsquo;Echanges de Savoirs\u00a0! Mercredi 5 juin 2019 \u00e0 partir de 18h30 Venez rencontrer les autres membres du RERS, glaner de nouveaux savoirs, proposer les v\u00f4tres et vous inspirer pour proposer de nouveaux \u00e9changes autour d&rsquo;un verre, dans un lieu convivial&nbsp;<a class=\"read-more\" href=\"https:\/\/rers-nancy.fr\/new2\/les-echanges-de-savoirs\/bourse-aux-savoirs\/une-bourse-aux-savoirs-speciale\/\">&hellip;<\/a><\/p>\n","protected":false},"author":1,"featured_media":0,"parent":1503,"menu_order":0,"comment_status":"closed","ping_status":"closed","template":"","meta":{"footnotes":""},"class_list":["post-1507","page","type-page","status-publish","hentry"],"_links":{"self":[{"href":"https:\/\/rers-nancy.fr\/new2\/wp-json\/wp\/v2\/pages\/1507","targetHints":{"allow":["GET"]}}],"collection":[{"href":"https:\/\/rers-nancy.fr\/new2\/wp-json\/wp\/v2\/pages"}],"about":[{"href":"https:\/\/rers-nancy.fr\/new2\/wp-json\/wp\/v2\/types\/page"}],"author":[{"embeddable":true,"href":"https:\/\/rers-nancy.fr\/new2\/wp-json\/wp\/v2\/users\/1"}],"replies":[{"embeddable":true,"href":"https:\/\/rers-nancy.fr\/new2\/wp-json\/wp\/v2\/comments?post=1507"}],"version-history":[{"count":1,"href":"https:\/\/rers-nancy.fr\/new2\/wp-json\/wp\/v2\/pages\/1507\/revisions"}],"predecessor-version":[{"id":1508,"href":"https:\/\/rers-nancy.fr\/new2\/wp-json\/wp\/v2\/pages\/1507\/revisions\/1508"}],"up":[{"embeddable":true,"href":"https:\/\/rers-nancy.fr\/new2\/wp-json\/wp\/v2\/pages\/1503"}],"wp:attachment":[{"href":"https:\/\/rers-nancy.fr\/new2\/wp-json\/wp\/v2\/media?parent=1507"}],"curies":[{"name":"wp","href":"https:\/\/api.w.org\/{rel}","templated":true}]}}