{"id":1874,"date":"2022-02-07T14:03:35","date_gmt":"2022-02-07T13:03:35","guid":{"rendered":"https:\/\/rers-nancy.fr\/new2\/?page_id=1874"},"modified":"2024-09-20T18:54:35","modified_gmt":"2024-09-20T16:54:35","slug":"le-genie-des-reseaux-dechanges-reciproques-de-savoirs","status":"publish","type":"page","link":"https:\/\/rers-nancy.fr\/new2\/qui-sommes-nous\/les-rers-quest-ce-que-cest\/les-rers-dans-les-medias\/le-genie-des-reseaux-dechanges-reciproques-de-savoirs\/","title":{"rendered":"Le g\u00e9nie des R\u00e9seaux d&rsquo;\u00c9changes R\u00e9ciproques de Savoirs"},"content":{"rendered":"\n<h1 class=\"wp-block-heading\" id=\"je-demande-cours-de-soudure\">Je demande cours de soudure <img loading=\"lazy\" decoding=\"async\" class=\" alignright size-full wp-image-11\" style=\"float: right;\" src=\"https:\/\/rers-nancy.fr\/new2\/wp-content\/uploads\/2015\/12\/bourse_savoirs.png\" alt=\"bourse savoirs\" width=\"200\" height=\"238\"><\/h1>\n\n\n\n<h2 class=\"wp-block-heading\" id=\"et-j-offre-cours-d-economie\">et j\u2019offre cours d\u2019\u00e9conomie&nbsp;:<\/h2>\n\n\n\n<h3 class=\"wp-block-heading\" id=\"le-genie-des-reseaux-d-echanges-reciproques-de-savoirs\">le g\u00e9nie des r\u00e9seaux d\u2019\u00e9changes r\u00e9ciproques de savoirs\u00ae<\/h3>\n\n\n\n<h4 class=\"wp-block-heading\" id=\"published-by-michel-berry-on-27-mars-2018\">Published by&nbsp;<strong>Michel Berry<\/strong>&nbsp;on&nbsp;<time datetime=\"2018-03-27T17:46:03+02:00\">27 mars 2018<\/time><\/h4>\n","protected":false},"excerpt":{"rendered":"<p>Je demande cours de soudure et j\u2019offre cours d\u2019\u00e9conomie&nbsp;: le g\u00e9nie des r\u00e9seaux d\u2019\u00e9changes r\u00e9ciproques de savoirs\u00ae Published by&nbsp;Michel Berry&nbsp;on&nbsp;27 mars 2018<\/p>\n","protected":false},"author":1,"featured_media":0,"parent":1710,"menu_order":0,"comment_status":"closed","ping_status":"closed","template":"","meta":{"footnotes":""},"class_list":["post-1874","page","type-page","status-publish","hentry"],"_links":{"self":[{"href":"https:\/\/rers-nancy.fr\/new2\/wp-json\/wp\/v2\/pages\/1874","targetHints":{"allow":["GET"]}}],"collection":[{"href":"https:\/\/rers-nancy.fr\/new2\/wp-json\/wp\/v2\/pages"}],"about":[{"href":"https:\/\/rers-nancy.fr\/new2\/wp-json\/wp\/v2\/types\/page"}],"author":[{"embeddable":true,"href":"https:\/\/rers-nancy.fr\/new2\/wp-json\/wp\/v2\/users\/1"}],"replies":[{"embeddable":true,"href":"https:\/\/rers-nancy.fr\/new2\/wp-json\/wp\/v2\/comments?post=1874"}],"version-history":[{"count":2,"href":"https:\/\/rers-nancy.fr\/new2\/wp-json\/wp\/v2\/pages\/1874\/revisions"}],"predecessor-version":[{"id":5405,"href":"https:\/\/rers-nancy.fr\/new2\/wp-json\/wp\/v2\/pages\/1874\/revisions\/5405"}],"up":[{"embeddable":true,"href":"https:\/\/rers-nancy.fr\/new2\/wp-json\/wp\/v2\/pages\/1710"}],"wp:attachment":[{"href":"https:\/\/rers-nancy.fr\/new2\/wp-json\/wp\/v2\/media?parent=1874"}],"curies":[{"name":"wp","href":"https:\/\/api.w.org\/{rel}","templated":true}]}}